 -3*v + 18 = 0. What is the greatest common divisor of 2176 and g?
34
Let z(h) = h. Let t(j) = 16. Let a = -32 + 31. Let s(f) = a*t(f) + 3*z(f). Let v be s(7). Calculate the highest common factor of 20 and v.
5
Let m be (-7 - -5) + (21 - (5 - 9)). Suppose -5*x - 5*v + 85 = 0, 5*x - 28*v = -m*v + 115. Calculate the greatest common factor of 25 and x.
5
Let f = 19107 + -15959. What is the highest common factor of 16 and f?
4
Let t be -441*(-2)/3*-1. Let f = t + 526. What is the highest common divisor of f and 8?
8
Let m = 381 - 366. Let t be (-2)/(m/3 - 22/4). What is the highest common divisor of 22 and t?
2
Suppose 0 = 4*f + f - 200. Let j be (-375)/(-20) + 25/20 + -2. Suppose -5*z - 5*m = -55, -14*m + j*m = 12. What is the highest common divisor of f and z?
8
Suppose -23*j = 33*j - 7392. What is the greatest common divisor of 60 and j?
12
Let m(s) = s**3 - 2*s**2 + 4*s + 1. Let h be m(5). Suppose -2*l + 63 + 425 = 2*c, -2*l = -2*c - 472. What is the highest common factor of l and h?
48
Let p(n) = -8*n - 20*n - 90 - 20*n + 13*n - 4*n. Let b be p(-6). Suppose -5*k + 108 = -2*k. Calculate the greatest common divisor of k and b.
36
Suppose -4*l + 2*h + 2378 = 346, 2528 = 5*l - h. What is the greatest common factor of 882 and l?
126
Let p = -34 - -39. Suppose -32 = -p*n - 5*f - 2, -5*n = 3*f - 34. Suppose 3*y = 2*y + 24. What is the highest common factor of y and n?
8
Let v = -47944 - -48295. Let l(b) = -b**2 + 8*b - 3. Let g be l(4). What is the greatest common divisor of g and v?
13
Suppose 253261*b = 253305*b - 4400. Suppose -4*g + 0*g + p + 85 = 0, 2*g + 3*p = 25. Calculate the highest common divisor of g and b.
20
Suppose 0 = -z - 2*p + 1, 0 = 5*z - 2*z - 5*p - 14. Suppose -4*w + 0*x + 67 = 3*x, z*w + 4*x - 52 = 0. What is the highest common factor of 6 and w?
2
Suppose 56*p - 570079 + 130783 = -87*p. Calculate the greatest common factor of 288 and p.
96
Let m be 4/6 - (-5)/(390/2522). Calculate the highest common factor of m and 187.
11
Suppose 0 = -5*p + 15, 3*p + 15 = -5*v + 49. Let r = -448 - -450. Calculate the highest common divisor of r and v.
1
Let q(f) = -10*f**2 - 125*f**3 + 22 + 7*f - 121*f**3 + 247*f**3. Let v be q(9). Let n be 4/14 + v + 2871/21. What is the greatest common factor of n and 47?
47
Suppose 36*q - 161711 + 68876 = 242001. Calculate the highest common factor of q and 131.
131
Suppose -21*p + 415 - 37 = 0. Calculate the highest common factor of p and 2466.
18
Suppose 30*s + 2527 = 49*s. What is the greatest common divisor of 14 and s?
7
Suppose 5*p + 250 + 246 = b, 4*b = 4*p + 2016. Suppose 0 = -9*s - 110 + b. What is the greatest common divisor of s and 286?
22
Suppose -l + 43*z - 48*z = -52, 0 = -2*l - 2*z + 56. Calculate the highest common factor of l and 428.
2
Let c = -1611 - -1627. What is the greatest common factor of c and 2584?
8
Suppose 0 = -4*s, 2*b - 2*s - 12 = 5*b. Let i = 0 - b. Suppose 0 = t - i*t + 54. What is the highest common divisor of 198 and t?
18
Suppose 0 = -18*u + 4849 + 1361. Calculate the greatest common divisor of u and 15.
15
Let w be (57 - 14196/252)*(-1 - 214/(-4)). Let r = 8 - -12. Calculate the highest common divisor of w and r.
5
Let w be 7 + 2 + 2/(-2). Let s be -17 + 46 - (-1*5)/(-1). Calculate the greatest common factor of w and s.
8
Suppose -n - 130 = 2*c, 0*c - 5*n = c + 74. Let k = 84 + c. What is the greatest common factor of k and 380?
20
Let t = -52 - -56. Let v be (0/1 - t) + 15. Let w be v/(-4) + 3 + 115/20. What is the highest common divisor of w and 1?
1
Suppose -1028*f = -1032*f + 6224. Let v = -659 + f. What is the greatest common divisor of v and 39?
39
Let k(n) = -n**2 + 8*n + 1. Suppose 5*y = 33 + 2. Let f be k(y). Suppose 0 = -13*b + 5*b + 576. What is the greatest common divisor of f and b?
8
Suppose 959 = 8*i + 63*i + 66*i. Calculate the highest common factor of i and 504.
7
Suppose 8 + 0 = -5*k - 2*s, 5*s + 20 = -2*k. Let y be (k/1 - -3)/((-12)/(-512)). Suppose 11 = -2*v + 43. Calculate the highest common factor of y and v.
16
Let t be (-800)/(-7) - 6/21. Let v(d) = 3*d**3 - 300*d**2 + 3*d - 276. Let i be v(100). Calculate the highest common factor of t and i.
6
Let y(n) = n**2 - n - 2. Let c be y(-6). Let h(b) = 4*b + 79. Let x be h(-19). Let r = 23 - x. What is the highest common divisor of c and r?
20
Let h = 8499 + -8314. Suppose -b - 139 = -4*x + 2*b, -6 = -2*b. Calculate the highest common factor of x and h.
37
Suppose -2*h + 1258 = 3*s, -12 = 4*s - 4. What is the greatest common divisor of 553 and h?
79
Let b be 102/(500/(-60) + 9). What is the highest common divisor of b and 49266?
153
Let g(c) = -3444*c - 161. Let k be g(-1). Calculate the highest common factor of k and 49.
49
Suppose -299 = -2*o + 5*a, 562 + 51 = 4*o - 5*a. Let u = -142 + o. Calculate the greatest common factor of u and 15.
15
Let p(c) = 8*c + 30 + 64*c + 18*c - 20*c. Let v be p(6). Suppose 5*s - 8*s = -v. What is the highest common factor of s and 15?
15
Suppose 238 = 5*z - 2*k + 1536, -255 = z - 5*k. Let y = -139 - z. What is the highest common factor of y and 55?
11
Suppose 0 = h + 3 - 111. Let y be 1*5 + (-117 - -111 - (-24 + -1)). What is the greatest common divisor of y and h?
12
Let c = -29 + 34. Let h be 176/10 + c + (-23)/5. What is the highest common divisor of h and 78?
6
Let o = 25 + -20. Let v be (54/(-15))/(o - (-385)/(-75)). Calculate the greatest common divisor of v and 216.
27
Let c(a) = a**3 - a - 1. Let r be c(-1). Let i = r + 2. Let q = 257 + -252. What is the highest common factor of q and i?
1
Suppose -2*d + 4*t = -168, 3*d - 3*t - 232 = -2*t. What is the greatest common divisor of d and 4332?
76
Suppose -4*m + 2890 = 2*d, 189 = -2*d + 199. Calculate the greatest common factor of m and 210.
30
Let d = 27234 - 13804. Calculate the greatest common factor of 340 and d.
170
Let d be ((-60)/9)/(-18 - (-44056)/2448). Calculate the highest common divisor of d and 360.
120
Let d = -804 + 1678. Let c = 2953 + -2934. Calculate the highest common factor of d and c.
19
Let z(i) = -2*i + 16. Let g be z(20). Let h = -14 - g. Let p be 0 + 1 + -2 - -41. What is the greatest common divisor of p and h?
10
Let k be 11/77 + (-13607)/(-7). What is the highest common factor of k and 120?
24
Let d be (45/20)/((-1)/(-4)). Let j be (3 - 23)*((-180)/(-25))/(-6). Suppose 4*m = -y + 25 + j, -m - 224 = -5*y. Calculate the highest common factor of d and y.
9
Let y(z) = z. Let j(l) = -9*l - 3. Let c(g) = -4*j(g) - 28*y(g). Let f be c(7). Calculate the greatest common divisor of 34 and f.
34
Let q(a) = 16*a**2 + 373*a - 1596. Let x be q(4). Suppose o + m = 10, 0*m = 2*m - 4. Calculate the greatest common factor of o and x.
8
Suppose 42*d - 609 = 1331 + 286. Calculate the highest common divisor of 11 and d.
1
Let f = -481 + 738. Let y = 281 - f. Calculate the greatest common factor of y and 32.
8
Suppose -3070 - 4355 = -9*c. Suppose 0 = -14*y + c + 16941. What is the highest common factor of y and 47?
47
Suppose -4*w + 6*w - 100 = m, 0 = 4*m + 5*w + 400. Let u = -85 - m. What is the greatest common factor of 125 and u?
5
Let t(b) = -4*b**2 - 277*b - 842. Let w be t(-66). What is the greatest common divisor of w and 27536?
16
Let f be 27/(-6)*8/(-18). Suppose 5*l = -3*p + 58, 86 = 7*l - f*l - 4*p. Calculate the greatest common factor of 182 and l.
14
Let r = -659 + 681. Let d(j) = -88*j. Let h be d(-2). What is the greatest common factor of r and h?
22
Let r = -9392 + 12038. Calculate the highest common factor of 432 and r.
54
Let f = 25 - 5. Suppose 5*m + f - 106 = -u, 2*m = 4*u + 52. Suppose 28 = 11*p - 104. Calculate the greatest common divisor of p and m.
6
Let r = -3177 + 3437. What is the greatest common factor of r and 715?
65
Let w = 9 + -3. Suppose 5*c - 3*c = a - 58, -8 = 2*c. Let q be (-6 - 0 - -4) + a. What is the highest common factor of w and q?
6
Suppose 10*n + 165 = 5*z + 5*n, 3*n = -6. Let b be (-11 - 117544/(-196)) + 4/14. What is the highest common divisor of b and z?
31
Let j = 43727 - 27752. What is the greatest common factor of j and 75?
75
Suppose 8*a - 11*a - 4*c + 57 = 0, -2*a + 39 = 3*c. Suppose -4*r - r = x - 26, 5*r - 46 = 4*x. Calculate the highest common factor of r and a.
3
Let v(d) = 69*d - 9. Let g be v(1). Let q be (g/15 - 5/1)*-9. Calculate the highest common